 230282?
13546
What is the greatest common divisor of 269114 and 50670?
1126
Calculate the greatest common divisor of 830915272 and 44.
44
Calculate the highest common factor of 13856 and 61536.
32
What is the highest common factor of 819 and 555737?
91
Calculate the highest common factor of 8911 and 284088.
133
What is the greatest common divisor of 23982 and 116872?
14
What is the greatest common divisor of 80851299 and 18708?
4677
What is the greatest common divisor of 2 and 129929?
1
Calculate the greatest common divisor of 688 and 154984040.
344
What is the greatest common divisor of 33705 and 13890205?
3745
Calculate the highest common factor of 91 and 14156870.
91
What is the highest common divisor of 189 and 6424523?
7
What is the greatest common divisor of 16384 and 13116416?
1024
What is the greatest common divisor of 70 and 1415078?
14
What is the greatest common factor of 628768960 and 110?
10
Calculate the greatest common divisor of 19151366 and 2418.
806
What is the greatest common divisor of 1428624 and 1674?
54
What is the greatest common divisor of 637416 and 225?
9
What is the highest common divisor of 17879016 and 96?
24
Calculate the highest common factor of 14076 and 190900.
92
Calculate the highest common factor of 58 and 119555139.
29
Calculate the highest common factor of 3796102638 and 12399.
12399
Calculate the highest common factor of 280745647 and 2548.
637
What is the highest common divisor of 183 and 66967?
1
What is the highest common divisor of 4958 and 3048319?
37
Calculate the highest common factor of 86734 and 3441299.
2551
Calculate the highest common factor of 9 and 15754509.
9
What is the highest common divisor of 5475 and 106623435?
1095
What is the highest common factor of 153 and 316695618?
153
Calculate the greatest common divisor of 296649 and 648.
27
Calculate the highest common divisor of 78115904 and 142.
142
Calculate the greatest common factor of 1249088 and 98258.
1346
Calculate the highest common divisor of 11385 and 4289120.
55
Calculate the greatest common factor of 78369 and 726773.
173
What is the greatest common factor of 4845 and 16592187?
969
Calculate the highest common factor of 159727 and 5029508.
757
What is the greatest common divisor of 31654 and 12719077?
833
Calculate the highest common factor of 20 and 5635205.
5
Calculate the highest common divisor of 27052307 and 94.
47
Calculate the greatest common factor of 2343666 and 32331.
39
What is the greatest common factor of 67344092 and 110106?
4078
Calculate the highest common divisor of 882 and 286264188.
126
What is the greatest common divisor of 83040 and 1728576?
96
What is the greatest common factor of 16388142 and 18?
6
What is the highest common divisor of 28576610 and 180?
10
What is the highest common divisor of 60377 and 125252?
173
What is the greatest common factor of 148956239 and 109?
109
Calculate the greatest common divisor of 160 and 4706810.
10
What is the highest common divisor of 9122224 and 56?
8
Calculate the greatest common factor of 70 and 1060895185.
35
Calculate the highest common divisor of 595764 and 56280.
804
What is the highest common factor of 4239529 and 62?
31
Calculate the highest common divisor of 2988 and 43066791.
747
Calculate the highest common divisor of 2 and 1401367.
1
What is the greatest common factor of 288 and 481884?
12
Calculate the greatest common factor of 1242969 and 4669.
203
What is the highest common factor of 5852 and 1389964?
76
Calculate the greatest common divisor of 1753728 and 4448.
32
What is the highest common factor of 699855 and 135?
15
Calculate the highest common factor of 2970 and 56710830.
330
What is the greatest common factor of 108 and 55626534?
54
Calculate the greatest common factor of 136618 and 3154.
166
What is the highest common divisor of 163670 and 445?
5
Calculate the greatest common divisor of 121241 and 4867.
31
What is the highest common divisor of 67728130 and 888?
74
Calculate the greatest common divisor of 115 and 2955283685.
115
Calculate the highest common divisor of 19319176 and 16.
8
Calculate the greatest common factor of 11247209 and 43.
43
What is the greatest common divisor of 5524 and 117117086?
2762
Calculate the highest common divisor of 293354582 and 1327.
1327
What is the highest common factor of 492 and 102847516?
164
Calculate the highest common divisor of 15001355 and 95.
95
What is the highest common divisor of 88 and 569041?
11
What is the greatest common divisor of 367045 and 138110?
35
Calculate the highest common factor of 377 and 65937677.
377
What is the greatest common factor of 1321771 and 187?
11
What is the highest common factor of 205 and 6199651?
41
What is the greatest common divisor of 269256 and 3822?
78
Calculate the greatest common factor of 812 and 238826658.
406
What is the greatest common divisor of 84390850 and 130?
10
What is the highest common divisor of 59040 and 1212?
12
Calculate the greatest common factor of 20280 and 3296514.
1014
What is the greatest common factor of 1115 and 648788395?
1115
What is the highest common factor of 441 and 567935823?
147
Calculate the greatest common factor of 24629048 and 1834.
262
Calculate the highest common divisor of 2280 and 1248045.
15
What is the greatest common factor of 646581 and 7255053?
2301
What is the greatest common divisor of 68657 and 67237?
71
What is the greatest common divisor of 92 and 25274286?
46
What is the highest common divisor of 9401436 and 594?
198
What is the highest common divisor of 4477 and 33044?
11
Calculate the highest common factor of 52001 and 27863.
149
What is the greatest common divisor of 150 and 147903750?
150
What is the greatest common divisor of 686 and 37424730?
686
What is the highest common factor of 550 and 13442?
22
What is the greatest common divisor of 30215018 and 1767?
31
What is the greatest common divisor of 3146515 and 69?
23
What is the highest common divisor of 110285 and 2009?
7
Calculate the greatest common factor of 243099824 and 2706.
902
What is the highest common divisor of 17097 and 2002017?
417
Calculate the highest common factor of 132 and 2759394.
66
What is the greatest common divisor of 462872 and 3728?
8
What is the highest common factor of 75512 and 2880?
8
Calculate the greatest common divisor of 9826 and 1554242.
578
What is the greatest common factor of 1359 and 27281019?
453
Calculate the highest common divisor of 4896 and 105132216.
408
Calculate the greatest common factor of 527588612 and 7048.
3524
What is the highest common factor of 2647 and 34297179?
2647
Calculate the highest common divisor of 22205 and 27543082.
4441
Calculate the greatest common divisor of 41 and 96319660.
41
What is the highest common factor of 12266 and 2786?
2
What is the highest common divisor of 113506 and 192713?
103
What is the greatest common factor of 124201856 and 35136?
3904
Calculate the highest common divisor of 11502 and 147538.
142
What is the highest common divisor of 560747154 and 1452?
726
Calculate the highest common divisor of 426437 and 3630.
11
Calculate the highest common divisor of 517 and 70179131.
517
What is the greatest common factor of 361 and 2750725?
19
Calculate the highest common divisor of 25088843 and 103.
103
What is the greatest common factor of 7837 and 24922?
17
Calculate the greatest common factor of 1073640 and 8920.
40
Calculate the highest common divisor of 8294572 and 891.
11
What is the greatest common factor of 16 and 2458517?
1
Calculate the highest common divisor of 9467878 and 476.
238
What is the greatest common divisor of 351212 and 444?
4
What is the greatest common divisor of 5825 and 6171005?
1165
Calculate the highest common divisor of 611019423 and 4522.
2261
What is the greatest common factor of 30584414 and 9424?
1178
Calculate the highest common factor of 2059124 and 592.
148
What is the highest common divisor of 66909 and 21612?
3
Calculate the highest common factor of 1285 and 245178.
257
What is the highest common factor of 3004040 and 7020?
260
Calculate the greatest common factor of 222 and 3801306.
222
Calculate the greatest common factor of 36175 and 365750.
25
What is the highest common divisor of 154947480 and 4320?
120
What is the highest common 